s = -2*s. Let k be (-7 + 10)*(-8)/z. Suppose -4*x - k*t = -552, -4*t = -0*x - 5*x + 735. List the prime factors of x.
11, 13
Suppose 0 = y - 44 + 40. Suppose 4*h = 5*k - 236, -5*h + k = y*k + 258. List the prime factors of (-3)/(h/4) + 9373/63.
149
Let a = -2342 - -3287. What are the prime factors of a?
3, 5, 7
Let j be (-12)/(-54) + (-1292)/(-18). Let b = j + -27. Let l = b - 18. List the prime factors of l.
3
Let y = 4292 + -316. List the prime factors of y.
2, 7, 71
Let n(w) = w**3 + w - 9. Let u be n(0). Let i = -3 - u. What are the prime factors of 46/1*(3 + i/(-4))?
3, 23
Let x(t) be the third derivative of t**5/20 - 3*t**4/8 + 17*t**3/6 + 9*t**2 + 2. List the prime factors of x(-5).
137
Let h = 49094 + -32478. What are the prime factors of h?
2, 31, 67
Suppose 4*q - 30064 = -2*z, 5*z = 16*q - 17*q + 75214. What are the prime factors of z?
2, 3761
Suppose 6*j - 1015 = 7*j + 3*x, 1010 = -j - 2*x. Let h = -177 - j. What are the prime factors of h?
823
Suppose w + 3*w - 3*a - 315 = 0, 2*w - 160 = 2*a. Let h be (3 - w/27) + 1019/(-9). Let u = 215 + h. List the prime factors of u.
2, 3, 17
Let z(h) be the first derivative of -h**5/24 - 23*h**4/24 + 4*h**3/3 - 12. Let u(n) be the third derivative of z(n). What are the prime factors of u(-11)?
2
Let a = -44142 - -66701. List the prime factors of a.
17, 1327
What are the prime factors of ((-24467)/301)/(1/(-161))?
23, 569
Let n(r) = 11*r - 23. Let q(l) = -l**2 + 2*l - 27. Let t be q(8). Let u = -65 - t. List the prime factors of n(u).
3, 29
Let x = 5782 + 14823. List the prime factors of x.
5, 13, 317
Suppose 4*v - 145 = 5*v. Let b(h) = 7*h**3 + 4*h**2 - 2*h + 10. Let d be b(3). Let t = d + v. List the prime factors of t.
2, 3, 7
Let w(r) = -20*r**2 + 16*r - 137. Let i(m) = 11*m**2 - 8*m + 68. Let y(t) = 11*i(t) + 6*w(t). List the prime factors of y(13).
199
List the prime factors of 19790 - 4 - 364/(-28).
13, 1523
Let a(p) = 156*p - 5. Let d(w) = -2*w**2 + 10*w - 1. Let z be d(5). Let y be a(z). Let l = 333 + y. List the prime factors of l.
2, 43
Let d = 25 - 21. Suppose d*u - 448 = -0*u. Let q = 240 - u. List the prime factors of q.
2
Let g(h) = 603*h - 2593. What are the prime factors of g(44)?
37, 647
Suppose 4*s + 20 = -4*x, 11*x - 15*x - 3*s - 18 = 0. Let h(d) = 49*d**2 - 4*d - 5. List the prime factors of h(x).
2, 7
Suppose 0 = -4*v - 4688 + 1960. Let d = 1195 + v. List the prime factors of d.
3, 19
Suppose -3*y = n - 9209, 0 = 4*y + 3*n - 1860 - 10422. List the prime factors of y.
3, 11, 31
Suppose 13*n + 7370 - 94717 = 0. What are the prime factors of n?
6719
Let h = 96 - 79. Let i(r) = -6*r + 62. Let v be i(h). List the prime factors of (352/v)/((-1)/15*1).
2, 3, 11
Let a(z) = 115*z - 50. Let q(h) = 232*h - 100. Let b(d) = -5*a(d) + 3*q(d). List the prime factors of b(14).
2, 3, 137
Suppose -247056 + 647928 = 116*k - 448132. What are the prime factors of k?
13, 563
Suppose -2*z = 4*p - 9280 - 13614, -2*z = 5*p - 22894. What are the prime factors of z?
11447
Let y = -4 - -22. Suppose -23*h + y*h = -1665. Let o = 473 - h. List the prime factors of o.
2, 5, 7
Suppose -67*h + 970371 = 249652. List the prime factors of h.
31, 347
Suppose 3*v - 4077 = -2*g, -4*g - 3689 = -5*v + 3084. Let a = v - 609. What are the prime factors of a?
2, 11, 17
Let b(p) = 33346*p**3 + p**2 - 5*p + 3. What are the prime factors of b(1)?
3, 5, 13, 19
Let i(r) = -r**3 + 12*r**2 - 12*r + 8. Suppose -114 = -23*g + 20*g. Let s = -29 + g. List the prime factors of i(s).
11, 13
Let b = 30092 - -6886. List the prime factors of b.
2, 3, 6163
Suppose -147*g + 152*g = 15, 0 = -o + 5*g + 6459. List the prime factors of o.
2, 3, 13, 83
Let b be (-15)/(-10) - (-12)/8. What are the prime factors of 5 + (278 - -4 - b)?
2, 71
What are the prime factors of -16*(-8)/224*-1 + 118864/7?
2, 3, 5, 283
Suppose -11250 - 12752 = -2*y - 4*v, 3*y = -v + 36003. What are the prime factors of y?
11, 1091
Let b(q) = -10*q - 13. Let n be b(-2). Suppose -1850 = -n*i + 2*i. List the prime factors of i.
2, 5, 37
Let o = -413 + 417. Suppose 5*u + j - 716 = o*j, -566 = -4*u - j. List the prime factors of u.
2, 71
Suppose 20*d - 4*d = -64. List the prime factors of 9212/(-42)*18/d.
3, 7, 47
Let m(y) = y**2 + 67. Let a(q) = q - 7. Let p be a(10). Suppose -p*k = k - 0*k. What are the prime factors of m(k)?
67
Suppose 8 = -3*a + 17. Let b(i) = -20*i + 3*i**a - 15*i - 2*i**3 + 23 + 29*i**2 - i. What are the prime factors of b(-30)?
7, 29
Suppose -1242 = 27*p - 29*p. Let q = -443 + p. What are the prime factors of q?
2, 89
Let v(j) = j**3 + 23*j**2 + 24*j + 61. Let a(i) = -4*i + 99. Let w be a(30). List the prime factors of v(w).
439
Suppose 41*m = 32*m - 3033. Let o = m + 489. List the prime factors of o.
2, 19
Let g(x) = x**3 + 8*x**2 - 2*x - 1. Let y be g(-9). Let o = -62 - y. Suppose 357 = 5*c - o*c. List the prime factors of c.
7, 17
Suppose -5*t - 35 = 2*x + 32, 35 = -t + 5*x. Let a be (-2079)/t - 15/25. Let c = a - 60. What are the prime factors of c?
2, 3, 13
Suppose -7065618 + 1855270 = -286*r. List the prime factors of r.
2, 9109
Suppose -3*d - 21 = -4*h, 0*h - 4*h + 2*d = -18. Suppose -w - 177 = -p, 7*w - 2*w + 537 = h*p. What are the prime factors of p?
2, 3, 29
Let c be -22 - (-3 + (0 - -3)). Suppose 0*g + 4*g = 340. Let j = c + g. List the prime factors of j.
3, 7
Suppose -8*s - 44 = 4*v - 12*s, -6 = -3*s. List the prime factors of v + 807 + -2 + 3.
17, 47
Let l be (-3 - 1)*(-3)/(-12)*-4. Suppose 2*b = 5*q + l*b - 7, q + 4*b = 5. List the prime factors of (1/2*q)/((-7)/(-154)).
11
Suppose -6*y + 0*y = 13074. Let i = 3277 + y. List the prime factors of i.
2, 3, 61
Let g be 9 - ((-5436)/(-2))/(-9). Let a be 0/(-2) + 0/2. Suppose -2*v + 3*l + 200 = a, 3*v - l - g = -2*l. List the prime factors of v.
103
Suppose 2*x = -y + 25173, 4*x + 4831 = -4*y + 55187. What are the prime factors of x?
2, 11, 13
Let j(d) = 35*d + 192. Let b be j(-5). Suppose 2*u = -4*z + 2186, 4*u + b*z - 4380 = 13*z. What are the prime factors of u?
1097
Let x(z) = 31*z + 233. Suppose 0 = -6*p + 553 - 487. What are the prime factors of x(p)?
2, 7, 41
Let p(f) = -503*f + 111. Let d be p(-7). Suppose -d + 915 = -11*g. What are the prime factors of g?
13, 19
Let l(v) = -25*v + 225. Let i be l(35). Let x = 1892 + i. List the prime factors of x.
2, 3, 23
Let i(f) = 2*f - 30. Let t be i(18). Let h be -8*(-1)/t*3. Suppose 6*j - 3*j + 5*p - 359 = 0, -3*j + 361 = h*p. List the prime factors of j.
3, 41
Suppose -70*j - 3*b - 1098 = -75*j, 2*j - 2*b - 436 = 0. Let k = j - -1483. What are the prime factors of k?
5, 11, 31
Let x(c) be the first derivative of 19*c**2/2 - 5*c + 13. Let v be x(-7). Let b = 230 + v. List the prime factors of b.
2, 23
Let g = 39 + -30. Suppose -7*m - 741 = -g*m - 3*s, 15 = 5*s. List the prime factors of m.
2, 3, 61
Let o(q) = 85*q**2 + 57*q - 126. What are the prime factors of o(24)?
2, 3, 2789
What are the prime factors of 45/(17 + -2) + 6419?
2, 13, 19
Let p(x) be the first derivative of -5*x**4/2 + 4*x**3/3 + 2*x - 83. What are the prime factors of p(-3)?
2, 7, 11
Let g = 83520 + -48147. List the prime factors of g.
3, 13, 907
Let b = 14 + -35. Let j be ((-2)/4)/(b/2520). What are the prime factors of 43/5 - 36/j?
2
Let d(o) = 358*o**2 - 84*o - 561. What are the prime factors of d(-8)?
7, 11, 13, 23
Let w(f) = -5*f**3 + 6*f**2 - 15*f + 30. Let a be w(-9). Suppose -a = -8*p + 5096. What are the prime factors of p?
2, 587
Suppose 5*v = -5*c + 82985, -3*c + 866*v - 871*v = -49789. List the prime factors of c.
2, 43, 193
Let i(n) = -431*n**3 + 44*n + 115. What are the prime factors of i(-4)?
17, 1619
List the prime factors of (2 + -3)*7 - (-41 + -20753).
3, 13, 41
Suppose 2*g = -6, 3*n - 5*n - 4*g - 354 = 0. Suppose 0 = -3*k - 97 + 961. Let r = n + k. What are the prime factors of r?
3, 13
Suppose -5*m + 14411 = -4*q + 6*q, -3*m - 36105 = -5*q. List the prime factors of q.
2, 3, 401
Let i = -1481 + 3653. List the prime factors of i.
2, 3, 181
Suppose 2*n - 5*t = 17894, 22*t + 8 = 18*t. List the prime factors of n.
2, 17, 263
Suppose 0 = x - 3*x + 4*i + 106, 0 = -5*x - i + 276. Suppose 2*u - x = -3*u. Suppose -12*n + 130 = -u*n. List the prime factors of n.
2, 5, 13
Let x(t) = -27*t + 83. Let h be x(3). Suppose 3*n + h*f - f = 3472, 4*n + f = 4628. What a